 + 2. Let g(i) = 5*i + 30 + 0*i - 31 - 4*i. Let a(b) = 2*g(b) + o(b). Determine a(-9).
9
Let x = 112 + -192. Let l = -76 - x. Let h(m) be the second derivative of m**4/12 - m**3/2 - m**2 - m + 2. Calculate h(l).
2
Let i be (-9)/((-54)/(-52))*3. Let z be (-2 + i/(-5))/(4/10). Let g(s) = -z*s**2 + 7*s**2 - 4*s - s**2 - 1. Give g(-3).
-7
Let o(m) = 577*m + 12 - 584*m + m**2 - 1. Give o(6).
5
Suppose 2*q - 4*l - 76 = 0, 5*q = -l + 190 + 33. Let p = q + -39. Suppose p*v - 22 = -2. Let m(u) = u**3 - 5*u**2 + 4*u + 1. Determine m(v).
1
Let w = 20 - 12. Suppose -a - 258 + 298 = 0. Suppose 0 = a*s - 44*s + w. Let l(b) = -2*b + 1. Calculate l(s).
-3
Let i(c) = 18380*c - 9213*c - 9196*c - 160. Calculate i(-5).
-15
Let k(s) be the third derivative of -s**6/120 + s**5/60 + s**4/24 - s**3/6 - 672*s**2. Suppose -4*b = b. Determine k(b).
-1
Let c(g) = -g + 4. Let w(d) = 2*d**3 + 4*d**2 + 4*d - 3. Let q(o) = 3*o**3 + 8*o**2 + 9*o - 7. Let a(j) = 3*q(j) - 5*w(j). Let r be a(5). What is c(r)?
0
Suppose 823 = -4661*i + 4682*i + 25. Let d(x) = -x**3 + 37*x**2 + 37*x + 41. Calculate d(i).
3
Let c(x) = -2*x**2 + 5*x - 11. Let b(q) = 5*q**2 - 14*q + 32. Let l(a) = 3*b(a) + 8*c(a). Suppose 32*m - 37*m + 2 = 2*o, -3*m - 18 = -2*o. Give l(o).
-40
Let r(n) = -2*n**2 + 7*n + 43. Suppose 0 = -63*k + 205 - 520. Give r(k).
-42
Let x = -548 - -549. Suppose 4 = -3*o + x. Let t(v) = 35*v. Calculate t(o).
-35
Let t(c) = -c**3 - 19*c**2 - 36*c - 22. Suppose -4*q - o + 22 = 97, 5*q - 2*o + 71 = 0. Determine t(q).
12
Let w(p) = p**3 - 3*p**2 - 7. Let k be w(3). Let t(b) = -3*b + 15. Let q(o) = -4*o + 23. Let u(r) = k*t(r) + 5*q(r). What is u(7)?
17
Let i(v) = v**2 - 3*v - 38. Let y(z) = -2*z**2 - z + 39. Let g(k) = -3*i(k) - 2*y(k). Give g(-5).
6
Let m(g) be the second derivative of -3/4*g**4 + 1/20*g**5 - 4*g**2 - 3*g + 3/2*g**3 - 4. Calculate m(8).
0
Let h(u) = u - 3. Let v be 1315/(-526)*(2 - 0). Give h(v).
-8
Let g = -306 - -312. Let q(m) = 0*m - 3 + g*m - 5*m. Give q(4).
1
Let w(o) = 23*o - 2879 - o**2 + 2860 - 8*o. What is w(14)?
-5
Let l(z) be the first derivative of -102*z**2 + 27*z + 101*z**2 - 5*z + 6 - 167. Give l(10).
2
Let d be -41 + (-3)/(-6) + (-3)/(-6). Let x be 2*(-15)/d + 15/(-4). Let f be (2/((-6)/1))/(x/(-27)). Let v(k) = -k**3 - 3*k**2 - k + 1. Determine v(f).
4
Let u = 271 - 274. Let z be ((-252)/(-70))/(u/10). Let j(c) = -c - 6. What is j(z)?
6
Let z(b) be the first derivative of 4*b**2 - 67*b + 4382. Calculate z(10).
13
Let g(k) = -k**2 + 11*k - 9. Let t(z) be the third derivative of -z**5/60 + 17*z**4/24 + 11*z**3/6 + 2*z**2 - 7. Let d be t(17). Give g(d).
-9
Let g(m) = -26*m + 216. Let f be g(11). Let j be (-98)/f - 36/15. Let h(a) = -11*a**2 + a + 2. Calculate h(j).
-10
Let r(f) = -11*f - 1 + 0 + 0. Let v be (-25317)/(-29) - (-2 - 7). Let b = v - 883. Give r(b).
10
Suppose -5*m - 25 = 0, -7*s + 4*m - 87 + 9 = 0. Let p(q) = -q**3 - 13*q**2 + 16*q - 6. Determine p(s).
-34
Suppose 22 + 0 = -11*j. Let p be j*(-6)/(-12) - -7. Let t(l) = -l + 2. Determine t(p).
-4
Suppose 0 = -2*x + 4*k + 4, 2*x - 3*x + 2 = -k. Let v(w) = -7160*w**2 - 7156*w**2 + 14318*w**2 + 3*w - 1. Determine v(x).
13
Let j(s) = -s**3 - s**2 - s + 71. Let n be 0/(-5)*(16 - (-155)/(-10)). What is j(n)?
71
Let g = -36 + 31. Let q be 1/((g/3)/(-5)). Let x(v) = 11 + q*v**3 + 2*v - 9 - 2*v**3 + 3*v**2 + v**2. Calculate x(-3).
5
Let w(v) = 4 - 3*v**2 + 3*v + 2*v**2 - 4*v. Let z be (-28)/(7*(-14)/49). Let m be 10/(-65) + -5*z/(-455). Give w(m).
4
Let z = -53 + 55. Suppose z = -5*j - 23. Let u(n) = 3*n - 2. Let y(a) = -2*a + 1. Let m(k) = j*u(k) - 7*y(k). What is m(0)?
3
Let l(f) = -f**3 - 13*f**2 + 12*f - 22. Suppose 23 = -z + p, -3*z - 57*p + 3 = -52*p. Give l(z).
6
Let x = 723 - 728. Let j(o) = -2*o - 10. Let v(g) = g + 1. Let l(q) = -j(q) - 5*v(q). Give l(x).
20
Let b(n) = n**2 - 18*n + 19. Let t be b(17). Let i be 1/t*360/18*1. Let f(p) = p**3 - 11*p**2 + 11*p + 3. Give f(i).
13
Let s(o) be the first derivative of 8*o + 1/3*o**3 + 4*o**2 - 165. Calculate s(-6).
-4
Let f be (1/4 - (-99)/36) + 35. Let y = -44 + f. Let m(d) = -3*d + 6. Let b(j) = -9*j + 17. Let p(w) = y*b(w) + 17*m(w). Calculate p(-2).
-6
Let h(j) = 52*j + 12*j - 10 - 4*j**2 + 5*j**2 - 51*j. Calculate h(-12).
-22
Let d(l) = l**3 - 4*l**2 + 2*l - 1. Let k be d(2). Let a(i) be the third derivative of i**4/4 + i**3/2 - 12378*i**2. Calculate a(k).
-27
Let b(g) = -23*g - 85. Let h be b(-7). Let c(t) = -2 + 22*t + t**2 + 26*t - h*t + 24*t. Determine c(3).
-5
Let j(n) = n**3 + 5*n**2 + 2*n + 3. Let a(m) = m**3 - 9*m**2 + 18*m - 16. Let o be a(7). Suppose 0 = 5*w - 0*y - y + o, -2*w = -3*y + 10. Determine j(w).
11
Let r(j) = -1. Let h = 11 - 12. Let t(w) = -w**2 + 6*w. Let o(g) = h*r(g) - t(g). Let a(c) = -c - 11. Let i be a(-17). Calculate o(i).
1
Let a(w) = 5*w - 16. Let m = 316 + -313. Calculate a(m).
-1
Suppose 53*s - 116 = 43. Let p = 10 - 6. Let h(c) = -4*c + p + 9*c - 2 - 3. Calculate h(s).
14
Let c(x) = -x**3 + 28*x**2 - 7. Let h be ((-42000)/(-6750))/((-2)/(-9)). Give c(h).
-7
Let o(p) = -p**3 - 11*p**2 + 13*p + 11. Let a = 16 - 35. Let i = a - -7. Let m be o(i). Let k(b) = 5*b**2 - 2*b - 1. Determine k(m).
6
Let w(b) = -b**3 - 2*b**2 - b. Let c(j) = -8*j**3 - 4*j**3 + 14 - 29*j**2 - 19*j + 8*j**2 + 7*j**3. Let r(l) = c(l) - 6*w(l). Calculate r(10).
-16
Suppose 13 = 7*c - 1. Suppose -5*t + 7 = -g - 19, 0 = c*t + 3*g - 7. Let p(k) = -k + 8. Calculate p(t).
3
Let x(i) = -1 + 1 + 12201*i - 12210*i. Let c be (16/20)/((-3)/(-60)). Let u = -17 + c. Give x(u).
9
Let g(p) = -11*p**2 - 2*p - 341. Let d(n) = 20*n**2 + 5*n + 630. Let j(h) = -6*d(h) - 11*g(h). Determine j(11).
4
Let v(p) = -7*p + 2. Suppose -5*b - q + 0*q = -50, 4*b - 29 = -3*q. Suppose -4*x = -b*x - 21. Determine v(x).
23
Suppose -5*x + 7 = -2*b, 3*b + x = -b + 19. Suppose -26 = -5*n - a, -3*n = b*a - 5 + 3. Let d(j) = 5*j + 1 - 2*j + n - 2*j. What is d(-4)?
3
Let p(z) = -z - 10. Let i be (1/(-6))/((-2)/6)*10. Suppose -2*l + l = -4*s - 20, -2*s = -i*l + 10. Calculate p(l).
-10
Let c = 6398 + -6403. Let z(y) = y**2 - 2*y - 14. Give z(c).
21
Let p(b) be the first derivative of 3*b**3 - 12*b**2 - 3*b + 3502. Give p(3).
6
Let q(r) = -34*r**2 - 74*r + 24. Let l(d) = -22*d**2 - 49*d + 15. Let f(v) = -14*l(v) + 9*q(v). Calculate f(-10).
6
Let p = -95 - -57. Let g = 44 + p. Let t(l) = -l**3 + 6*l**2 + 9*l - 3. Let i(n) = -n**3 + 5*n**2 + 8*n - 2. Let c(k) = g*i(k) - 5*t(k). Give c(-2).
5
Let h(b) = 11 - 26*b + 6*b + 5*b + 12*b + 10*b + b**2. Give h(6).
89
Let y(o) = -o**2 - 63*o - 7. Let k(b) = -2*b**2 - 116*b - 14. Let i(r) = -6*k(r) + 11*y(r). What is i(5)?
47
Let r(c) be the third derivative of 0 - 1/6*c**3 + 32*c + 13/60*c**5 + 0*c**4 - 5*c**2. Determine r(1).
12
Let a(h) be the second derivative of -h**3/6 - h**2/2 - 37*h + 2. Suppose -10 + 6 = -4*s. Determine a(s).
-2
Let l(f) be the second derivative of -f**5/20 + 5*f**4/2 - 28*f**3/3 - 3*f**2/2 + 202*f - 1. Determine l(28).
-3
Let l(x) = x + 18. Let o(w) = -24*w**3 + 3*w**2 - w - 6. Let b be o(-2). Let u = b + -211. Give l(u).
7
Let x(s) = -15*s - 6846*s**2 + 6853*s**2 + 0*s - 3*s + 17. Give x(1).
6
Let y be (-84)/24*8/(-14). Let p(d) = 2 + 5*d**2 - y*d - 5 - d**3 + 0 - 2 + 10. Calculate p(4).
13
Let n(t) = 2*t + 4. Suppose -3*h = 0, -2*d - h = -5*d + 6. Let k be 70/(-20) - 1/d. Determine n(k).
-4
Suppose 0 = 2*s + s - 12. Suppose 0 = 2*l + 4*k + 10 - 4, 3*l - 12 = k. Let p(v) = 0*v**2 + 8 + s*v**2 - v**l - 5 + v. What is p(4)?
7
Let p(m) = -28 - 93*m + 13*m + 68*m + 8*m + m**2. Calculate p(-4).
4
Let u(p) be the first derivative of p**4/12 - p**3/3 - 3*p**2/2 - 23*p - 26. Let z(c) be the first derivative of u(c). Calculate z(-2).
5
Let p(g) = 2*g - 15 - 13*g + g - 5*g. Let u(q) = -16*q - 14. Let t(a) = 3*p(a) - 4*u(a). Let f(b) = -12*b - 7. Let s(c) = 8*f(c) + 5*t(c). Calculate s(-7).
6
Let j(q) be the first derivative of q**4/4 + q**3/3 - 31*q + 1685. What is j(0)?
-31
Let b(f) = -f**3 + 7*f**2 + f - 1. Let j be (48/32)/(3/340). Let m = j - 163. Determine b(m).
6
Let v(p) be the first derivative of 10*p**3/3 - 13*p**2/2 - 6*p + 8855. Determine v(3).
45
Let z(d) = d**2 + 10*d - 4. Let l = -177 - -182. Suppose 0 = r - l*f + 1, 6*f - f = -3*r - 43. Determine z(r).
7
Let p = 3289 - 3296. Let y(j) = 3*j**2 - 5 - 2*j**2 + 1